022 + -10?
1011101001012
In base 8, what is 212440 - 14?
212424
In base 2, what is -11001000000111100 + -1011000001101?
-11010011001001001
In base 2, what is 10111 - -1000101000101001001?
1000101000101100000
In base 2, what is 10 + -1001111110001100110011?
-1001111110001100110001
In base 15, what is 4 + 6922764?
6922768
In base 13, what is 12 - -21253b?
212550
In base 12, what is 644 - 999?
-355
In base 6, what is -2233 - 33034?
-35311
In base 11, what is -71a - -9253?
8634
In base 10, what is -7 + -4024963?
-4024970
In base 12, what is 64 - 9716b?
-97107
In base 4, what is -222 + -223330133333?
-223330200221
In base 15, what is 2b - -16dc6a?
16dc96
In base 5, what is 1200 - 313120?
-311420
In base 16, what is -2b + c0f23?
c0ef8
In base 13, what is -4312467 - 6?
-4312470
In base 16, what is -34004 - -15?
-33fef
In base 2, what is 10011000010010010110000111 - 101?
10011000010010010110000010
In base 10, what is 4 + -98635848?
-98635844
In base 11, what is -3 - a8623574?
-a8623577
In base 11, what is 6171 - -1851?
7a12
In base 10, what is 2321088 + -6?
2321082
In base 6, what is 101514204552 - -4?
101514205000
In base 5, what is -4341342 + -431?
-4342323
In base 2, what is 110111110 - -11010010001000?
11011001000110
In base 11, what is -1 + -31853154?
-31853155
In base 15, what is 57b3c96 - 1?
57b3c95
In base 8, what is 3041 + -5506?
-2445
In base 6, what is 2410055 + -50142?
2315513
In base 9, what is -14 - -6327103?
6327078
In base 3, what is 2021 + 21121201210?
21121211001
In base 10, what is 86779 - 13?
86766
In base 13, what is -371 - 112b7?
-11658
In base 14, what is -8 + -2193db?
-219405
In base 16, what is -1958c1 - 15?
-1958d6
In base 12, what is 49b14 - -2?
49b16
In base 3, what is -1 + -10000220222110200?
-10000220222110201
In base 14, what is 1 - 15a990c8?
-15a990c7
In base 10, what is -3 - -6797654?
6797651
In base 3, what is 1122 + -12012112102220?
-12012112101021
In base 16, what is caf + -8e6c?
-81bd
In base 16, what is a1 - 1533?
-1492
In base 4, what is -101102000012312 + -1?
-101102000012313
In base 8, what is 5 - -1345470375?
1345470402
In base 8, what is -147353 - 31?
-147404
In base 13, what is -2b + 193a6?
19378
In base 6, what is -12 + -230135445?
-230135501
In base 8, what is -617106001 - 3?
-617106004
In base 9, what is 88214 - 148?
88055
In base 11, what is -3a67013 - -6?
-3a67008
In base 3, what is -111201202 + 1220122?
-102211010
In base 5, what is 21240 - -1003?
22243
In base 8, what is 71525107 - -4?
71525113
In base 5, what is -11011013 - 4404?
-11020422
In base 7, what is 24 + -643122363?
-643122336
In base 11, what is 6 - -31604?
3160a
In base 6, what is -10322423413 - 4?
-10322423421
In base 14, what is -dab876 - -4?
-dab872
In base 9, what is -1 + -283753844?
-283753845
In base 6, what is -2224 + -10340541?
-10343205
In base 15, what is 96b373 + 1?
96b374
In base 13, what is 36 - 18cc78c?
-18cc756
In base 8, what is 123233173 + 3?
123233176
In base 2, what is -11100 - 111101000100101010110?
-111101000100101110010
In base 15, what is -3c + -4030?
-406c
In base 10, what is 1586 - 135?
1451
In base 4, what is -13113 - -2320030333?
2320011220
In base 8, what is -2 - 4672540?
-4672542
In base 8, what is -226035 + 127?
-225706
In base 2, what is -101010001100100010100111100 + 1?
-101010001100100010100111011
In base 3, what is 111100001200 - 1002?
111100000121
In base 9, what is 16 + 60505845?
60505862
In base 3, what is 1 + 212100100022?
212100100100
In base 2, what is 101000110 + 101001111011111?
101010100100101
In base 13, what is -1b4c - 27?
-1b76
In base 13, what is b52779ba + -5?
b52779b5
In base 16, what is 8c + -229?
-19d
In base 13, what is -21b7 - 6758?
-8942
In base 3, what is 21002121222110 - 11?
21002121222022
In base 14, what is 4 + 39dcd51?
39dcd55
In base 14, what is b8 - ac29cd?
-ac2915
In base 4, what is -2300300 - 112312?
-3013212
In base 12, what is a5865 - 121?
a5744
In base 15, what is -4 - -131b806?
131b802
In base 4, what is -111203 - -1003020121?
1002302312
In base 14, what is -9591 - -328d?
-6302
In base 11, what is 60 - -1998822?
1998882
In base 15, what is 3242 + 31a?
355c
In base 16, what is -1388da - -d?
-1388cd
In base 6, what is 2022115 + -32500?
1545215
In base 9, what is -260084 + 17?
-260066
In base 4, what is -1031131223 + -13320?
-1031211203
In base 14, what is 30ab7 + 796?
3146d
In base 6, what is 1345 - -15441?
21230
In base 14, what is 628166 + -6?
628160
In base 9, what is 4378 - -23107?
27486
In base 14, what is -cd9 + -7a8?
-16a3
In base 6, what is -153023005 + 123?
-153022442
In base 5, what is -201233104 + -3?
-201233112
In base 11, what is -5 - 63800483?
-63800488
In base 12, what is -39170 + 21?
-3914b
In base 10, what is -34 + 203211?
203177
In base 12, what is 1a321b - 1a?
1a3201
In base 13, what is 5 + -835051?
-835049
In base 8, what is -71173 - 1001?
-72174
In base 15, what is 11c155 - -58?
11c1ad
In base 14, what is 1b7 + 106a1d?
106bd6
In base 12, what is 34a - 142b45?
-1427b7
In base 7, what is -16 - -31606556?
31606540
In base 9, what is 306414 - 1555?
304748
In base 8, what is -42 - -1555105?
1555043
In base 15, what is -31c4 - 81?
-3255
In base 8, what is 2 - -15724032?
15724034
In base 7, what is -2555634 + 3016?
-2552615
In base 15, what is -a + dd8cbe?
dd8cb4
In base 14, what is -1d7b + -231?
-21ac
In base 10, what is -99515 - -446?
-99069
In base 13, what is 51 - 1274cc?
-12747b
In base 11, what is -82 - 42a30?
-43002
In base 7, what is 3 + 36262654?
36262660
In base 16, what is 15 - 5281b6?
-5281a1
In base 12, what is -160b537 - 4?
-160b53b
In base 11, what is 65 - 116217?
-116162
In base 13, what is -386b - -409?
-3462
In base 6, what is -125233 + -13132?
-142405
In base 4, what is 102032303111 + -301?
102032302210
In base 16, what is 2ea793 - 35?
2ea75e
In base 9, what is -26571 - 164?
-26745
In base 14, what is -901 - 88800?
-89301
In base 16, what is 141 - 1264e?
-1250d
In base 3, what is 1112010111112 - 2120?
1112010101222
In base 16, what is -1 + 9657d90?
9657d8f
In base 2, what is -100011101101000 + -1100100100111?
-110000010001111
In base 5, what is 20231202021 - -4?
20231202030
In base 14, what is 195a09a - -5?
195a0a1
In base 7, what is -143341205 + -5?
-143341213
In base 7, what is -6 + -4650010?
-4650016
In base 5, what is -23 + -22302031403?
-22302031431
In base 14, what is -a1829 + 10d?
-a171a
In base 7, what is 10 - 264111660?
-264111650
In base 15, what is -12 - b65?
-b77
In base 8, what is -23 - 260123353?
-260123376
In base 4, what is -210210022101 - -3?
-210210022032
In base 4, what is -21 - -2321130201333?
2321130201312
In base 11, what is -530469 - a?
-530478
In base 15, what is 222 + -4295b?
-42739
In base 13, what is 4 - c39611?
-c3960a
In base 12, what is -224679b + -1?
-22467a0
In base 6, what is 1 - 333424024?
-333424023
In base 7, what is 51421255 - 5?
51421250
In base 7, what is -34 - 313650?
-314014
In base 2, what is 101010100001011 - 11010010001?
100111001111010
In base 14, what is 67dd6 + 5?
67ddb
In base 3, what is 21111200112 + 22012?
21111222201
In base 5, what is -30 - -3330200024?
3330144444
In base 3, what is -1000010122212122 + -12?
-1000010122212211
In base 15, what is 48 - -2ce526?
2ce56e
In base 13, what is 11a5c1 + -22?
11a59c
In base 4, what is -110220 - -2212?
-102002
In base 3, what is -11 - -21000100111020?
21000100111002
In base 12, what is -2906 + -14802?
-17508
In base 7, what is -1321 + -22601?
-24222
In base 13, what is -12 + -26817?
-26829
In base 9, what is -4 - -2241032?
2241027
In base 9, what is 4 + 118645438?
118645443
In base 4, what is 1313210223 - 11?
1313210212
In base 14, what is 16 - 967b0?
-96798
In base 13, what is -381 - 67c46?
-682c7
In base 5, what is 2 - -4230002124?
4230002131
In base 6, what is -225123 + -22333?
-251500
In base 9, what is 5556 + -10145?
-3478
In base 15, what is -65d + -31906?
-32064
In base 12, what is -5 - -1493104?
14930bb
In base 11, what is -a7 + 713092?
712a96
In base 15, what is 103a1e8 - 5?
103a1e3
In base 13, what is -4 - 5505b1?
-5505b5
In base 6, what is 12 + -343223250?
-343223234
In base 4, what is 121 + 212031122232?
212031123013
In base 10, what is 5 - -1372303?
1372308
In base 10, what is 38576514 + 2?
38576516
In base 12, what is 3036437 + 3?
3036